8913
List the prime factors of 7430.
2, 5, 743
List the prime factors of 18173.
17, 1069
List the prime factors of 32411.
32411
What are the prime factors of 22259?
22259
List the prime factors of 5430.
2, 3, 5, 181
What are the prime factors of 397?
397
What are the prime factors of 26744?
2, 3343
What are the prime factors of 1013?
1013
What are the prime factors of 501?
3, 167
What are the prime factors of 48730?
2, 5, 11, 443
What are the prime factors of 445?
5, 89
List the prime factors of 6047.
6047
What are the prime factors of 7107?
3, 23, 103
List the prime factors of 20638.
2, 17, 607
What are the prime factors of 11980?
2, 5, 599
What are the prime factors of 1230?
2, 3, 5, 41
What are the prime factors of 8419?
8419
List the prime factors of 300.
2, 3, 5
What are the prime factors of 19226?
2, 9613
List the prime factors of 29504.
2, 461
List the prime factors of 7941.
3, 2647
List the prime factors of 1464.
2, 3, 61
What are the prime factors of 30410?
2, 5, 3041
List the prime factors of 1206.
2, 3, 67
List the prime factors of 99048.
2, 3, 4127
What are the prime factors of 5180?
2, 5, 7, 37
List the prime factors of 505.
5, 101
List the prime factors of 4714.
2, 2357
List the prime factors of 2280.
2, 3, 5, 19
What are the prime factors of 113?
113
List the prime factors of 17983.
7, 367
What are the prime factors of 2686?
2, 17, 79
List the prime factors of 406.
2, 7, 29
What are the prime factors of 111?
3, 37
List the prime factors of 43274.
2, 7, 11, 281
What are the prime factors of 1685?
5, 337
What are the prime factors of 56546?
2, 7, 577
What are the prime factors of 667?
23, 29
List the prime factors of 14767.
14767
List the prime factors of 10355.
5, 19, 109
List the prime factors of 4460.
2, 5, 223
What are the prime factors of 52416?
2, 3, 7, 13
List the prime factors of 352.
2, 11
What are the prime factors of 34791?
3, 11597
What are the prime factors of 117391?
89, 1319
List the prime factors of 58150.
2, 5, 1163
List the prime factors of 1793.
11, 163
List the prime factors of 491.
491
What are the prime factors of 10945?
5, 11, 199
List the prime factors of 7035.
3, 5, 7, 67
What are the prime factors of 22341?
3, 11, 677
List the prime factors of 27957.
3, 9319
List the prime factors of 1575.
3, 5, 7
What are the prime factors of 2896?
2, 181
What are the prime factors of 131873?
7, 18839
List the prime factors of 21835.
5, 11, 397
What are the prime factors of 29140?
2, 5, 31, 47
List the prime factors of 2302.
2, 1151
List the prime factors of 21766.
2, 10883
List the prime factors of 2081.
2081
List the prime factors of 4296.
2, 3, 179
What are the prime factors of 6478?
2, 41, 79
List the prime factors of 32243.
19, 1697
What are the prime factors of 1963?
13, 151
What are the prime factors of 432?
2, 3
What are the prime factors of 4873?
11, 443
List the prime factors of 1621.
1621
What are the prime factors of 4093?
4093
List the prime factors of 414.
2, 3, 23
List the prime factors of 622.
2, 311
List the prime factors of 13088.
2, 409
What are the prime factors of 42?
2, 3, 7
What are the prime factors of 660?
2, 3, 5, 11
What are the prime factors of 13504?
2, 211
List the prime factors of 1837.
11, 167
List the prime factors of 7198.
2, 59, 61
List the prime factors of 8354.
2, 4177
List the prime factors of 18844.
2, 7, 673
List the prime factors of 1220.
2, 5, 61
List the prime factors of 35304.
2, 3, 1471
List the prime factors of 1278.
2, 3, 71
What are the prime factors of 7829?
7829
What are the prime factors of 40289?
40289
List the prime factors of 2803.
2803
List the prime factors of 2373.
3, 7, 113
List the prime factors of 17980.
2, 5, 29, 31
List the prime factors of 1836.
2, 3, 17
What are the prime factors of 563?
563
What are the prime factors of 81608?
2, 101
What are the prime factors of 2392?
2, 13, 23
List the prime factors of 4748.
2, 1187
What are the prime factors of 1711?
29, 59
What are the prime factors of 458?
2, 229
List the prime factors of 3993.
3, 11
List the prime factors of 10171.
7, 1453
List the prime factors of 1213.
1213
List the prime factors of 1168.
2, 73
What are the prime factors of 221?
13, 17
List the prime factors of 1604.
2, 401
List the prime factors of 3257.
3257
What are the prime factors of 1542?
2, 3, 257
List the prime factors of 43769.
11, 23, 173
What are the prime factors of 94360?
2, 5, 7, 337
What are the prime factors of 48868?
2, 19, 643
What are the prime factors of 1260?
2, 3, 5, 7
What are the prime factors of 1169?
7, 167
What are the prime factors of 3387?
3, 1129
List the prime factors of 92328.
2, 3, 3847
List the prime factors of 3134.
2, 1567
What are the prime factors of 3758?
2, 1879
What are the prime factors of 2134?
2, 11, 97
List the prime factors of 3211.
13, 19
What are the prime factors of 26317?
26317
List the prime factors of 45131.
45131
List the prime factors of 1079.
13, 83
List the prime factors of 2509.
13, 193
List the prime factors of 1078.
2, 7, 11
List the prime factors of 42124.
2, 10531
What are the prime factors of 3120?
2, 3, 5, 13
What are the prime factors of 6048?
2, 3, 7
List the prime factors of 6100.
2, 5, 61
What are the prime factors of 65223?
3, 7247
List the prime factors of 3357.
3, 373
What are the prime factors of 1740?
2, 3, 5, 29
What are the prime factors of 39391?
11, 3581
What are the prime factors of 866?
2, 433
What are the prime factors of 197?
197
List the prime factors of 8956.
2, 2239
What are the prime factors of 19479?
3, 43, 151
List the prime factors of 2951.
13, 227
What are the prime factors of 19134?
2, 3, 1063
List the prime factors of 3195.
3, 5, 71
What are the prime factors of 1321?
1321
What are the prime factors of 30956?
2, 71, 109
List the prime factors of 2005.
5, 401
List the prime factors of 6584.
2, 823
What are the prime factors of 601?
601
What are the prime factors of 920?
2, 5, 23
What are the prime factors of 56722?
2, 79, 359
What are the prime factors of 4281?
3, 1427
What are the prime factors of 22348?
2, 37, 151
What are the prime factors of 6806?
2, 41, 83
List the prime factors of 12527.
12527
What are the prime factors of 2013?
3, 11, 61
What are the prime factors of 1896?
2, 3, 79
What are the prime factors of 12063?
3, 4021
List the prime factors of 15565.
5, 11, 283
What are the prime factors of 75987?
3, 8443
List the prime factors of 17607.
3, 5869
What are the prime factors of 652?
2, 163
List the prime factors of 3966.
2, 3, 661
What are the prime factors of 296?
2, 37
What are the prime factors of 492?
2, 3, 41
What are the prime factors of 4749?
3, 1583
What are the prime factors of 656?
2, 41
List the prime factors of 62487.
3, 53, 131
What are the prime factors of 918?
2, 3, 17
List the prime factors of 1994.
2, 997
List the prime factors of 4057.
4057
List the prime factors of 3351.
3, 1117
List the prime factors of 384.
2, 3
What are the prime factors of 56758?
2, 13, 37, 59
List the prime factors of 10634.
2, 13, 409
What are the prime factors of 2306?
2, 1153
What are the prime factors of 28911?
3, 23, 419
List the prime factors of 6914.
2, 3457
List the prime factors of 8336.
2, 521
What are the prime factors of 113507?
223, 509
List the prime factors of 5509.
7, 787
What are the prime factors of 10958?
2, 5479
List the prime factors of 7740.
2, 3, 5, 43
What are the prime factors of 2937?
3, 11, 89
What are the prime factors of 1051?
1051
List the prime factors of 157.
157
What are the prime factors of 4022?
2, 2011
What are the prime factors of 19535?
5, 3907
What are the prime factors of 4063?
17, 239
List the prime factors of 740.
2, 5, 37
List the prime factors of 500.
2, 5
What are the prime factors of 8247?
3, 2749
What are the prime factors of 6747?
3, 13, 173
List the prime factors of 3425.
5, 137
What are the prime factors of 21860?
2, 5, 1093
What are the prime factors of 123137?
7, 359
What are the prime factors of 1338?
2, 3, 223
List the prime factors of 32729.
23, 1423
What are the prime factors of 18511?
107, 173
List the prime factors of 6836.
2, 1709
List the prime factors of 1185.
3, 5, 79
What are the prime factors of 5748?
2, 3, 479
List the prime factors of 9374.
2, 43, 109
List the prime factors of 19638.
2, 3,